rue
Is 6 - (58/6 - 8)/(1/(-6987)) prime?
False
Suppose 15 = -3*q + 156. Let y be 2/(1*2) + -34 + q. Is 4/y + 3*(-29766)/(-126) a composite number?
False
Let p(z) = -z + 3. Let j = -20 - -28. Let o be p(j). Is 1239 - (0 - (-3 - o)) prime?
False
Suppose 0 = -4*u - 13*u. Suppose u = 51*s - 40*s - 27313. Is s a composite number?
True
Suppose 0 = k + 5*y + 20, 2*k + 10 = -3*y + 8*y. Let r be -2*(25/k + 0). Suppose 5*l - 2192 = -2*w, -r*w + 7587 = -4*l + 2140. Is w prime?
True
Let r(a) = -610*a - 7. Let d be r(-10). Suppose -4*k - 2*n + 17835 + d = 0, -3*n = 2*k - 11968. Is k composite?
False
Suppose -2*y + 9 + 1 = 0. Suppose 0*o - 546 = -3*o - v, y*o + 4*v - 917 = 0. Is o composite?
False
Suppose 0 = -52*c + 50*c + 6, -4*v = -c - 2466313. Is v prime?
True
Suppose -3*s = -v - 57540, -2*s + 0*v + 2*v + 38360 = 0. Suppose -61130 = -50*c - s. Is c a prime number?
True
Let l(s) = 9*s**3 + 5*s**2 - s - 1. Let b be l(4). Suppose -b = 4*g - 7*g. Suppose 0 = -0*c - c + g. Is c a prime number?
False
Let m = 16 - 15. Let j be ((-158)/(-2)*m)/((-28)/140). Let f = 1546 + j. Is f a prime number?
True
Suppose -3*i + 8 = 137. Let o = i + 46. Suppose -o*v = -y + 28, -88 = -5*y - 4*v + 71. Is y composite?
False
Let h = 1453 - 382. Let g be (-1 - 4*-6)*86. Let a = g - h. Is a composite?
False
Let y be ((-5)/2)/(1 + (-153)/108). Is 14*(y + (-25960)/(-16)) a prime number?
False
Suppose 3221 = 4*b + 65. Suppose 5*o + 797 = 4*g, -4*g - 2*o + b = o. Suppose 3*r - 51 = g. Is r a prime number?
True
Let j = -23 + 20. Let s(h) = h**2 + 10*h - 9. Let v be s(-11). Is (1959/(-9) - v)*j prime?
True
Let b = -36 + 40. Suppose -2*n = -2*s + 5*s + b, 4 = 2*n + s. Is 9746/n + 4/8 prime?
True
Let c(x) = 119*x**2 + 7*x - 27. Let i be c(5). Let f = -746 + i. Is f prime?
True
Suppose -3*v = 4*u + 679, 0*u - 3*u = 3. Let r be v/(-12) - (-3)/12. Suppose -r - 115 = -2*x. Is x a composite number?
False
Let g = 190393 + 36970. Is g prime?
True
Let n be (3 - 3) + -3 - (0 + 1). Let r(k) = 3*k + 8. Let f be r(n). Is 1*f/4*-479 a composite number?
False
Suppose 40*d - 41*d + 3*s = -388112, s = 7. Is d composite?
False
Let d(p) = -7*p**2 - 34*p + 201. Let m be d(21). Let g = m + 7007. Is g a composite number?
False
Suppose 4*k + 64720 = 4*s, 79*k - 77*k + 48543 = 3*s. Is s composite?
False
Let c(d) = 139*d**3 - 55*d**2 + 49*d - 107. Let i(x) = 35*x**3 - 13*x**2 + 12*x - 27. Let g(f) = -2*c(f) + 9*i(f). Is g(6) a prime number?
False
Suppose -t + m = t - 1939, 4*m = -2*t + 1964. Let y be t/9 - (-2 - 0). Let h = y - 63. Is h a prime number?
True
Let l(n) = -88*n**3 + 24*n**2 - 1. Let o be l(3). Let u = o - -13176. Is u a composite number?
True
Let l = 1061815 - 678678. Is l a composite number?
True
Let w = 2858 - 817. Suppose w = -3*i + 16*i. Is i a prime number?
True
Let a(j) = -29*j + 4*j**2 + 12 - 3*j**2 + 34 + 8*j. Let u be a(19). Suppose u*s - 328 = 448. Is s a composite number?
False
Let i(q) = q**3 + q**2 - 22*q + 14. Let y be i(6). Suppose 130*r = y*r - 9572. Is r a prime number?
True
Let v = 286 - 296. Is (12343/(-3))/((70/21)/v) prime?
True
Is ((-341058)/(-36))/((-6)/(-36)) a prime number?
True
Is ((-35 - -23)*(-884542)/(-8))/(1 + -4) composite?
False
Let x(l) = l**3 + 27*l**2 + l + 32. Let b be x(-27). Suppose -25*i + 27*i = 5*q + 4742, 11855 = b*i - 5*q. Is i a composite number?
False
Suppose 4*p - 13060 = -4*j, -4*p + 2495 + 10619 = -5*j. Is p a composite number?
False
Suppose -393*x = -118*x - 107114975. Is x composite?
True
Let g = 4153 + -2600. Let q = 780 + g. Is q composite?
False
Let l be (-2)/6*(486/(-36))/((-6)/4). Let h(v) be the first derivative of -7*v**4 + v**3 + v**2 + 2*v + 1. Is h(l) a prime number?
False
Suppose -4*s - 2*p = -18, 10*s - 11*s = -p + 3. Suppose 3*a - 3 = 2*a, -s*h = 4*a - 4802. Is h a prime number?
False
Suppose 6*b = 10*b + 12. Let h be (3*b/9)/1. Is 4388/5 - (15/25 + h) composite?
True
Let h be (117983 - -3) + (9 - 9). Suppose h = 5*y - 3*f, 12*y = 16*y - 3*f - 94387. Is y composite?
False
Let u = 365 + -361. Suppose u*v - 1603 = 2*v + d, d - 1605 = -2*v. Is v a prime number?
False
Suppose 0 = 6*k - 9*k + 195. Let i = 67 - k. Suppose -2*v = -4*t - 7330, -i*v + 14621 = 2*v + 5*t. Is v composite?
False
Suppose 0 = 3*v - 9, -5*k = 4*v - 33937 - 33060. Is k a composite number?
False
Suppose b + 5*k = -7, -b - 5*k - 7 = -9*k. Let f(a) = 58*a**2 + 75*a + 16. Is f(b) a prime number?
True
Let b(u) = 3*u - 1. Let k be b(2). Suppose 5*y = -0*y - 3*r + 3, k = -y + 5*r. Suppose 3*q - 603 - 6 = y. Is q prime?
False
Let w(g) = g**3 - g**2 + 1. Let o(f) = 2*f**2 + 29*f + 1. Let v(j) = -o(j) + w(j). Is v(11) composite?
True
Suppose 4*g + 12 = 0, 0 = -5*x + 4*x - 5*g - 13. Suppose -3*m = -3*p + 7*p - 2759, -x = 2*p. Is m composite?
True
Let g(x) = x**2 + 3*x - 3. Let r be g(2). Is (5 - r) + 14272 - 7 a prime number?
False
Suppose 2706 = t + 857. Let u = t - 846. Is u composite?
True
Suppose -10*l = -2*l - 280. Let k(u) = -l + 7 - 8*u - 18*u - 31 + 2*u**2. Is k(-21) composite?
True
Let x(f) = f**3 + 9*f**2 - 7*f + 54307. Is x(0) prime?
False
Suppose 12*r = 7*r + 38865. Let t = r + -4142. Is t a composite number?
False
Suppose 5*t - 5*o = 13827 + 747003, 2*t - 3*o = 304329. Is t a prime number?
False
Let l(q) = 9297*q - 1910. Is l(9) prime?
False
Suppose 275 + 571 = 9*s. Let v(o) = 125*o**3 - 2*o**2 + o. Let h be v(1). Suppose 0 = -s*j + 96*j - h. Is j composite?
True
Let w = 126169 - 65820. Is w prime?
False
Suppose 6 = -k - 4. Let r be (-6)/k - (-405)/75. Suppose -r*s = -1733 - 4255. Is s a composite number?
True
Let d = -193022 + 666991. Is d a prime number?
False
Suppose 2*f = 2*v, v - 2*v + 4*f + 6 = 0. Is (-2153)/1*(-1)/v*-2 a composite number?
False
Suppose 0*a - 4*n - 7984 = -4*a, -10004 = -5*a - n. Suppose -4*v - 2006 = 3*f - 4*f, 0 = -f + 2*v + a. Is f a composite number?
True
Suppose -228*r + 34737578 - 687650 = -13237500. Is r a prime number?
True
Is (4/(-8))/((-7)/(94766/7)) prime?
True
Is 609485/4 + (2 - (-18)/(-8)) prime?
False
Let t = -1008 + 2009. Suppose 0 = 3*a + 3, a = -3*p - 0*a + t. Is -4 + p + (-1 - 0) composite?
True
Suppose -4*i + 2*g + 1480 = 270, 0 = i - 5*g - 316. Let z(a) = 7*a**3 + 5*a**2 + 2*a - 2. Let w be z(4). Let q = w - i. Is q a composite number?
False
Let u(o) = 2*o**3 + 11*o**2 - 36*o + 531. Is u(28) a prime number?
True
Let l = 47 + 19. Let z(k) = 7 + 113*k - 75*k - l*k. Is z(-9) a composite number?
True
Let v(s) = s**3 + 20*s**2 - 22*s - 26. Let b be v(-21). Is 631 + -22 - (1 + b) composite?
False
Let x be -3 + -1 + (-2 - 4). Is 5/(x/(-5712)) - (-48)/16 a prime number?
False
Let x = -41 - -41. Suppose 5*z + 47 = 4*i + 2, 5*i + 2*z - 15 = x. Suppose -2*g - i*g = -3577. Is g a composite number?
True
Suppose -4*c + 2*p + 1926728 = 0, 4*c = 5*p - 478330 + 2405058. Is c composite?
True
Let j = 422 + -831. Let m = -1315 + -1133. Let t = j - m. Is t composite?
False
Let d = 362 + -366. Is (-3*106332/9)/d a prime number?
True
Let m be 85*5/50*2. Suppose -11*x = -m*x - 16860. Let i = x + 8791. Is i a composite number?
False
Suppose -10226 = -4*h + 8*h + 2*z, -3*h - 7666 = 5*z. Let i = 4250 + h. Is i composite?
False
Suppose -35163 = -7*j - 2*j. Is j composite?
False
Let n(g) = -116*g**3 + 5*g**2 + 10*g + 4. Suppose 26*i - 22*i = -12. Is n(i) prime?
False
Suppose -63*m + 43*m + 1030960 = 0. Suppose 8793 = -5*r + m. Is r a composite number?
True
Suppose -2*b + 60746 = 2*x, -9*b = -x - 4*b + 30397. Is x a prime number?
False
Let f be 2/(-6)*-2*63/2. Let k = 592 + f. Is k composite?
False
Let n = -59 + 19. Is (-9512)/(-5) - 24/n a composite number?
True
Let r(k) = -k**2 - 11*k - 18. Let z be r(-8). Suppose z*p = -p + 84. Let v(o) = o**3 - 11*o**2 - 10*o - 5. Is v(p) a composite number?
False
Let f be -1 + 41 + 0/(2 - -1). Let o be ((-6)/15 + 26/f)*4. Is (-4 - (-1 + 0)) + (1359 - o) composite?
True
Let o = -11 + 11. Suppose o*l = 7*l. Suppose -176 = -2*j - 2*z, j + l*z = 2*z + 85. Is j prime?
False
Is (-120)/(-660) - (-1252557)/11 a composite number?
True
Let u(s) = -10*s**2 - 11*s - 3. Let x be u(-24). Let n = -1093 - x. Let g = -813 + n. Is g a composite number?
False
Is -75902*(-1)/(-4)*-2 composite?
False
Let z = -195118 - -394307. Is z composite?
True
Let w be (2 - -4 - 10) + 10. Let a(q) be the second derivative of 63*q**3/2 - 25*q**2/2 